.
78
What is the highest common divisor of 5579 and 14?
7
What is the greatest common divisor of 441 and 244377?
63
What is the highest common divisor of 5848 and 559?
43
What is the highest common factor of 5217 and 36237?
141
Calculate the highest common divisor of 229929 and 777.
21
Calculate the greatest common factor of 162 and 16344.
18
Calculate the greatest common divisor of 40470 and 2490.
30
Calculate the highest common divisor of 251821 and 85.
17
What is the greatest common factor of 12652677 and 599?
599
Calculate the highest common divisor of 21 and 110838.
21
What is the highest common divisor of 27 and 4509?
27
What is the greatest common divisor of 189381 and 5?
1
Calculate the greatest common factor of 319799 and 83.
83
Calculate the greatest common divisor of 2691 and 1781.
13
What is the greatest common factor of 8 and 497144?
8
Calculate the greatest common divisor of 672 and 722.
2
Calculate the highest common divisor of 528 and 2607264.
528
What is the greatest common divisor of 3440 and 310?
10
Calculate the greatest common divisor of 1700363 and 2164.
541
Calculate the greatest common factor of 146324 and 17708.
932
What is the greatest common divisor of 2 and 308?
2
What is the greatest common divisor of 2 and 9323?
1
What is the highest common divisor of 23 and 1345569?
23
Calculate the greatest common divisor of 9006 and 239133.
237
Calculate the highest common factor of 72 and 77172.
12
What is the greatest common divisor of 564 and 153267?
141
Calculate the highest common factor of 60 and 1136595.
15
Calculate the greatest common divisor of 806775 and 124.
31
What is the greatest common divisor of 234 and 52?
26
Calculate the highest common divisor of 92720 and 171776.
976
What is the highest common factor of 14000 and 697375?
875
Calculate the greatest common factor of 399 and 136192.
133
Calculate the highest common factor of 41 and 1901908.
41
What is the greatest common divisor of 69 and 768913?
23
Calculate the greatest common divisor of 38 and 18658.
38
Calculate the greatest common factor of 3544 and 64.
8
What is the highest common factor of 118 and 1217465?
59
Calculate the highest common factor of 250 and 71710.
10
What is the greatest common factor of 2944 and 322?
46
What is the highest common divisor of 196007 and 7?
7
Calculate the greatest common divisor of 7925 and 11729.
317
What is the highest common factor of 267 and 278659?
89
Calculate the greatest common divisor of 11288718 and 441.
441
Calculate the greatest common factor of 507725 and 1725.
575
Calculate the greatest common factor of 730 and 5183.
73
What is the highest common divisor of 3424 and 20704?
32
What is the greatest common factor of 30 and 2438490?
30
What is the greatest common factor of 1250 and 3650?
50
Calculate the highest common divisor of 29625 and 8769.
237
What is the greatest common factor of 1580 and 11218?
158
What is the highest common divisor of 318493 and 27853?
1211
Calculate the highest common factor of 9960 and 255.
15
What is the highest common factor of 32 and 128168?
8
Calculate the greatest common factor of 338146 and 46.
46
Calculate the highest common divisor of 28 and 84910.
14
Calculate the highest common divisor of 45 and 15615.
45
Calculate the greatest common divisor of 78130 and 65.
65
Calculate the highest common divisor of 448 and 1218.
14
Calculate the greatest common divisor of 54153 and 3829.
547
Calculate the greatest common divisor of 26790 and 3102.
282
What is the highest common divisor of 2502 and 26966?
278
What is the greatest common factor of 10368 and 351?
27
Calculate the highest common factor of 20557 and 20220.
337
Calculate the highest common divisor of 50078 and 126.
14
Calculate the highest common divisor of 1395 and 2579200.
155
Calculate the highest common divisor of 12196 and 12.
4
What is the highest common divisor of 75 and 705?
15
What is the highest common divisor of 84663 and 297?
9
Calculate the greatest common factor of 2337 and 3321.
123
What is the greatest common divisor of 403 and 13764?
31
Calculate the greatest common divisor of 3196 and 13600.
68
What is the greatest common divisor of 72 and 51066?
18
What is the greatest common divisor of 168840 and 11592?
504
Calculate the greatest common factor of 112 and 7252.
28
Calculate the greatest common factor of 116 and 103211.
29
Calculate the greatest common divisor of 78500 and 400.
100
What is the highest common divisor of 174385 and 25?
5
Calculate the greatest common divisor of 154204 and 76.
76
What is the greatest common factor of 2660 and 131138?
266
Calculate the highest common divisor of 19 and 89927.
19
What is the highest common factor of 13250 and 22000?
250
Calculate the greatest common divisor of 305934 and 6.
6
Calculate the greatest common factor of 757746 and 44.
22
What is the highest common factor of 88 and 1100?
44
Calculate the highest common factor of 802 and 764707.
401
Calculate the highest common factor of 172193 and 119.
119
Calculate the greatest common factor of 26609 and 123.
41
What is the highest common divisor of 3470 and 230?
10
Calculate the greatest common factor of 371593 and 181.
181
What is the highest common factor of 7 and 121933?
7
Calculate the highest common divisor of 83 and 67.
1
What is the highest common factor of 931 and 97951?
49
What is the highest common divisor of 210 and 109130?
70
What is the greatest common factor of 1638 and 7826?
182
What is the greatest common factor of 1716 and 7348?
44
Calculate the highest common divisor of 3828 and 308.
44
What is the greatest common factor of 121690 and 160?
10
Calculate the highest common factor of 286122 and 258.
258
Calculate the highest common factor of 820154 and 904.
226
What is the greatest common factor of 1071 and 55811?
119
Calculate the highest common factor of 423 and 456511.
47
What is the greatest common factor of 156 and 48?
12
Calculate the greatest common factor of 112690 and 8595.
955
Calculate the greatest common factor of 70 and 187145.
35
What is the greatest common factor of 216 and 127197?
27
What is the highest common divisor of 109 and 17440?
109
What is the greatest common divisor of 154049 and 63?
7
Calculate the highest common divisor of 277767 and 441.
63
Calculate the greatest common divisor of 459475 and 25.
25
Calculate the greatest common factor of 6804 and 84.
84
Calculate the highest common factor of 132 and 20508.
12
Calculate the greatest common divisor of 4949245 and 35.
35
Calculate the greatest common factor of 2041 and 20567.
157
Calculate the highest common divisor of 1928 and 635276.
964
What is the highest common factor of 696 and 552120?
24
What is the highest common divisor of 183120 and 315?
105
What is the greatest common factor of 14278 and 1888?
118
What is the greatest common factor of 693 and 264411?
63
Calculate the highest common divisor of 168 and 521544.
24
What is the highest common divisor of 13 and 178022?
13
What is the highest common divisor of 92 and 873011?
23
What is the greatest common divisor of 10286 and 2?
2
What is the greatest common divisor of 554204 and 98?
14
Calculate the greatest common divisor of 4 and 151226.
2
Calculate the greatest common factor of 35890 and 27010.
370
What is the highest common factor of 4 and 1093084?
4
What is the greatest common divisor of 896000 and 34048?
1792
What is the highest common factor of 9 and 74367?
9
What is the highest common divisor of 53 and 2734111?
53
Calculate the highest common divisor of 410 and 590.
10
Calculate the greatest common divisor of 266484 and 3392.
212
What is the highest common factor of 19089 and 3150?
63
What is the greatest common factor of 814790 and 6490?
590
Calculate the highest common divisor of 141315 and 105.
15
What is the highest common factor of 170 and 1280?
10
Calculate the greatest common divisor of 24 and 2708.
4
What is the greatest common divisor of 46357 and 8903?
307
What is the greatest common factor of 83348 and 2948?
268
What is the greatest common factor of 2602 and 12?
2
What is the highest common divisor of 77275 and 100?
25
Calculate the highest common divisor of 8 and 60456.
8
Calculate the highest common divisor of 1384 and 29816.
8
Calculate the highest co